s -111 (base 7) in base 12?
-49
-106 (base 15) to base 12
-173
Convert -10 (base 5) to base 14.
-5
Convert 2 (base 10) to base 6.
2
Convert -70 (base 15) to base 10.
-105
What is 10 (base 10) in base 3?
101
Convert -5 (base 10) to base 5.
-10
Convert -212 (base 13) to base 7.
-1013
What is 3 (base 9) in base 14?
3
50 (base 8) to base 2
101000
Convert -131 (base 5) to base 16.
-29
5 (base 13) to base 11
5
What is 11111101 (base 2) in base 8?
375
-10002 (base 3) to base 8
-123
What is 32 (base 8) in base 7?
35
What is 22 (base 11) in base 15?
19
Convert -1 (base 13) to base 15.
-1
-3 (base 13) to base 2
-11
300 (base 5) to base 2
1001011
What is -22 (base 4) in base 13?
-a
1001001 (base 2) to base 3
2201
-65 (base 8) to base 2
-110101
-213 (base 5) to base 15
-3d
Convert 7b (base 16) to base 13.
96
-3 (base 16) to base 6
-3
What is -a (base 12) in base 8?
-12
Convert -3 (base 15) to base 8.
-3
Convert 8 (base 10) to base 12.
8
Convert 27 (base 13) to base 14.
25
-13f (base 16) to base 2
-100111111
What is 46 (base 11) in base 13?
3b
-1003 (base 6) to base 13
-13b
-70 (base 9) to base 5
-223
1 (base 14) to base 10
1
-9 (base 12) to base 15
-9
Convert -44 (base 5) to base 2.
-11000
What is -522 (base 6) in base 9?
-235
Convert 6 (base 16) to base 12.
6
Convert 222 (base 12) to base 14.
186
Convert 7 (base 12) to base 2.
111
What is 13 (base 9) in base 10?
12
-3 (base 13) to base 2
-11
Convert -1 (base 4) to base 11.
-1
Convert e (base 16) to base 11.
13
31 (base 13) to base 2
101000
Convert -5 (base 12) to base 3.
-12
4 (base 9) to base 11
4
Convert -211 (base 3) to base 15.
-17
-10 (base 12) to base 8
-14
What is -14 (base 10) in base 6?
-22
-6 (base 10) to base 15
-6
What is 302 (base 4) in base 7?
101
-22 (base 3) to base 14
-8
What is 5 (base 12) in base 8?
5
What is -7 (base 11) in base 4?
-13
What is 15 (base 8) in base 7?
16
What is -1a4 (base 11) in base 6?
-1031
4 (base 13) to base 9
4
What is -202 (base 5) in base 13?
-40
Convert -115 (base 10) to base 14.
-83
What is 3b (base 14) in base 16?
35
What is 372 (base 10) in base 16?
174
Convert -400 (base 7) to base 10.
-196
-181 (base 9) to base 10
-154
-135 (base 8) to base 7
-162
16 (base 7) to base 5
23
-7 (base 15) to base 16
-7
What is -3 (base 10) in base 13?
-3
Convert -3 (base 8) to base 14.
-3
3 (base 12) to base 6
3
What is -3 (base 14) in base 7?
-3
Convert -1 (base 14) to base 10.
-1
What is -22 (base 14) in base 9?
-33
Convert 62 (base 11) to base 4.
1010
111000 (base 2) to base 12
48
-16 (base 8) to base 15
-e
-23 (base 15) to base 16
-21
Convert -54 (base 14) to base 8.
-112
-10 (base 4) to base 9
-4
Convert -35 (base 10) to base 2.
-100011
What is 4 (base 6) in base 5?
4
Convert -d (base 15) to base 5.
-23
What is -2 (base 3) in base 11?
-2
120 (base 3) to base 2
1111
-6 (base 13) to base 6
-10
4 (base 12) to base 7
4
3 (base 5) to base 12
3
Convert 46 (base 14) to base 13.
4a
a8 (base 11) to base 6
314
What is -101 (base 3) in base 16?
-a
Convert -1 (base 7) to base 10.
-1
What is -2 (base 8) in base 15?
-2
-45 (base 7) to base 4
-201
-3 (base 13) to base 12
-3
What is -23 (base 14) in base 10?
-31
What is 0 (base 7) in base 9?
0
What is -113 (base 8) in base 7?
-135
Convert 1001 (base 2) to base 9.
10
-1 (base 7) to base 9
-1
Convert -124 (base 7) to base 10.
-67
What is 11100 (base 2) in base 8?
34
What is 3 (base 7) in base 14?
3
What is -111 (base 4) in base 6?
-33
412 (base 8) to base 15
12b
Convert 13 (base 14) to base 9.
18
What is -13 (base 14) in base 8?
-21
What is -15 (base 6) in base 16?
-b
94 (base 10) to base 9
114
What is 24 (base 5) in base 8?
16
Convert 0 (base 6) to base 10.
0
What is -1b (base 13) in base 12?
-20
Convert -1 (base 3) to base 8.
-1
84 (base 12) to base 3
10201
Convert 16 (base 8) to base 13.
11
2 (base 6) to base 11
2
Convert -211 (base 12) to base 11.
-254
What is 1 (base 13) in base 15?
1
-2 (base 9) to base 4
-2
Convert -11 (base 5) to base 9.
-6
-164 (base 8) to base 11
-a6
Convert -55 (base 12) to base 15.
-45
3 (base 5) to base 7
3
Convert -6 (base 15) to base 10.
-6
Convert -51 (base 9) to base 3.
-1201
What is 1 (base 5) in base 16?
1
What is 511 (base 6) in base 7?
355
0 (base 14) to base 8
0
1010 (base 2) to base 14
a
-10201 (base 3) to base 9
-121
1 (base 11) to base 9
1
What is 0 (base 3) in base 13?
0
Convert 10 (base 12) to base 2.
1100
What is -2 (base 4) in base 13?
-2
What is 2 (base 16) in base 15?
2
-28 (base 9) to base 4
-122
5 (base 15) to base 3
12
What is 5 (base 9) in base 8?
5
What is -59 (base 10) in base 2?
-111011
Convert 1 (base 11) to base 14.
1
What is -1 (base 14) in base 3?
-1
6 (base 8) to base 9
6
-1010 (base 2) to base 16
-a
Convert 16 (base 8) to base 10.
14
What is -430 (base 5) in base 2?
-1110011
What is -44 (base 6) in base 8?
-34
Convert 5 (base 16) to base 5.
10
-6 (base 8) to base 2
-110
Convert 0 (base 9) to base 15.
0
What is -105 (base 6) in base 8?
-51
What is 3 (base 16) in base 4?
3
154 (base 8) to base 12
90
What is 1b (base 12) in base 2?
10111
What is -11 (base 16) in base 12?
-15
Convert 33 (base 15) to base 3.
1210
-4 (base 16) to base 14
-4
What is 201 (base 4) in base 5?
113
Convert 212 (base 7) to base 10.
107
What is 0 (base 2) in base 13?
0
What is -11 (base 7) in base 6?
-12
What is -1110 (base 4) in base 10?
-84
-28 (base 15) to base 16
-26
Convert -a (base 11) to base 6.
-14
What is 1 (base 10) in base 2?
1
What is 8c (base 16) in base 6?
352
Convert 57 (base 11) to base 12.
52
Convert 3 (base 6) to base 14.
3
-1100 (base 2) to base 11
-11
-153 (base 6) to base 14
-4d
Convert 3 (base 8) to base 10.
3
39 (base 12) to base 5
140
-3 (base 16) to base 9
-3
-10000 (base 2) to base 15
-11
What is 19 (base 10) in base 11?
18
346 (base 9) to base 5
2120
What is -14 (base 8) in base 11?
-11
Convert 0 (base 10) to base 4.
0
What is -3b (base 14) in base 8?
-65
-30 (base 6) to base 7
-24
302 (base 4) to base 12
42
-4 (base 9) to base 12
-4
What is -1021 (base 4) in base 14?
-53
Convert -6 (base 16) to base 4.
-12
What is 3 (base 16) in base 9?
3
-3 (base 14) to base 16
-3
-2a (base 14) to base 13
-2c
What is 28 (base 15) in base 7?
53
Convert 12 (base 3) to base 11.
5
2110 (base 3) to base 12
56
7 (base 15) to base 9
7
What is -5 (base 16) in base 6?
-5
What is 122 (base 6) in base 3?
1212
What is 210 (base 12) in base 3?
102010
What is -13a (base 11) in base 8?
-244
Convert 2 (base 9) to base 11.
2
33 (base 6) to base 9
23
What is -4 (base 15) in base 16?
-4
Convert 130 (base 4) to base 11.
26
Convert 5 (base 16) to base 9.
5
-21 (base 3) to base 10
-7
59 (base 11) to base 13
4c
Convert 11 (base 7) to base 16.
8
What is -10 (base 2) in base 3?
-2
What is -119 (base 10) in base 12?
-9b
What is -1 (base 16) in base 4?
-1
101 (base 8) to base 11
5a
Convert -1c (base 14) to base 15.
-1b
Convert -3 (base 5) to base 6.
-3
What is -1 (base 14) in base 7?
-1
Convert 304 (base 9) to base 7.
502
7c (base 14) to base 3
11002
-1 (base 12) to base 5
-1
Convert -22 (base 5) to base 8.
-14
Convert 10210 (base 3) to base 7.
204
1 (base 4) to base 7
1
What is -33 (base 8) in base 6?
-43
-75 (base 11) to base 14
-5c
40 (base 5) to base 9
22
Convert -6 (base 14) to base 11.
-6
-6 (base 10) to base 11
-6
-31 (base 9) to base 15
-1d
Convert 0 (base 15) to base 16.
0
What is 1 (base 5) in base 7?
1
-a2 (base 11) to base 9
-134
What is -7 (base 16) in base 4?
-13
What is -76 (base 9) in base 2?
-1000101
Convert -167 (base 15) to base 5.
-2242
Convert -6 (base 7) to base 14.
-6
What is 11 (base 2) in base 16?
3
What is 101 (base 4) in base 9?
18
100111011 (base 2) to base 10
315
What is 100 (base 2) in base 7?
4
Convert -28 (base 12) to base 16.
-20
-22 (base 5) to base 15
-c
What is 136 (base 9) in base 10?
114
-15 (base 8) to base 14
-d
What is 1 (base 12) in base 9?
1
-5c (base 13) to base 6
-205
Convert -1001011 (base 2) to base 9.
-83
-3 (base 14) to base 16
-3
What is -1 (base 14) in base 11?
-1
Convert -24 (base 6) to base 15.
-11
What is 22 (base 8) in base 6?
30
What is -3 (base 15) in base 2?
-11
What is -1100 (base 5) in base 15?
-a0
8 (base 9) to base 14
8
Convert 5 (base 16) to base 12.
5
Convert -1 (base 13) to base 12.
-1
Convert 4 (base 8) to base 2.
100
32 (base 5) to base 6
25
6 (base 9) t